git of 6470?
6
What is the thousands digit of 98644?
8
What is the hundreds digit of 2740?
7
What is the tens digit of 2356?
5
What is the ten thousands digit of 16280?
1
What is the units digit of 7913?
3
What is the hundreds digit of 987?
9
What is the thousands digit of 1381?
1
What is the tens digit of 9185?
8
What is the hundreds digit of 13029?
0
What is the hundreds digit of 5444?
4
What is the tens digit of 4848?
4
What is the hundreds digit of 226?
2
What is the thousands digit of 15048?
5
What is the hundreds digit of 31415?
4
What is the thousands digit of 13989?
3
What is the thousands digit of 4845?
4
What is the units digit of 24512?
2
What is the hundreds digit of 1359?
3
What is the units digit of 121173?
3
What is the tens digit of 170?
7
What is the hundreds digit of 1051?
0
What is the ten thousands digit of 11839?
1
What is the tens digit of 28478?
7
What is the thousands digit of 1914?
1
What is the hundreds digit of 2629?
6
What is the thousands digit of 12312?
2
What is the units digit of 1252?
2
What is the ten thousands digit of 17187?
1
What is the thousands digit of 1278?
1
What is the tens digit of 550?
5
What is the hundreds digit of 2402?
4
What is the tens digit of 28526?
2
What is the units digit of 29?
9
What is the hundreds digit of 5973?
9
What is the ten thousands digit of 57039?
5
What is the tens digit of 9372?
7
What is the units digit of 31746?
6
What is the hundreds digit of 35918?
9
What is the tens digit of 1201?
0
What is the units digit of 6486?
6
What is the units digit of 2275?
5
What is the hundreds digit of 1912?
9
What is the hundreds digit of 42821?
8
What is the units digit of 2747?
7
What is the units digit of 841?
1
What is the tens digit of 1060?
6
What is the units digit of 5170?
0
What is the tens digit of 12132?
3
What is the hundreds digit of 18649?
6
What is the thousands digit of 12389?
2
What is the thousands digit of 1349?
1
What is the units digit of 10819?
9
What is the units digit of 2246?
6
What is the ten thousands digit of 50836?
5
What is the units digit of 225?
5
What is the thousands digit of 11159?
1
What is the hundreds digit of 19950?
9
What is the ten thousands digit of 59301?
5
What is the units digit of 21631?
1
What is the tens digit of 331?
3
What is the hundreds digit of 110890?
8
What is the units digit of 3596?
6
What is the units digit of 31275?
5
What is the hundreds digit of 2119?
1
What is the ten thousands digit of 26579?
2
What is the units digit of 82?
2
What is the thousands digit of 30854?
0
What is the tens digit of 4499?
9
What is the thousands digit of 35206?
5
What is the units digit of 27635?
5
What is the tens digit of 4380?
8
What is the hundreds digit of 20192?
1
What is the tens digit of 4459?
5
What is the tens digit of 1659?
5
What is the thousands digit of 2447?
2
What is the hundreds digit of 43168?
1
What is the units digit of 24669?
9
What is the thousands digit of 13999?
3
What is the units digit of 138542?
2
What is the ten thousands digit of 12797?
1
What is the tens digit of 4079?
7
What is the hundreds digit of 906?
9
What is the tens digit of 425?
2
What is the units digit of 1174?
4
What is the thousands digit of 2982?
2
What is the units digit of 20164?
4
What is the units digit of 10754?
4
What is the tens digit of 7867?
6
What is the hundreds digit of 31245?
2
What is the thousands digit of 39071?
9
What is the thousands digit of 1997?
1
What is the thousands digit of 13354?
3
What is the ten thousands digit of 17327?
1
What is the units digit of 44?
4
What is the units digit of 4374?
4
What is the units digit of 22009?
9
What is the hundreds digit of 2289?
2
What is the tens digit of 300?
0
What is the hundreds digit of 113?
1
What is the units digit of 4564?
4
What is the thousands digit of 3780?
3
What is the thousands digit of 17791?
7
What is the hundreds digit of 154?
1
What is the ten thousands digit of 16017?
1
What is the units digit of 31339?
9
What is the thousands digit of 11459?
1
What is the hundreds digit of 13162?
1
What is the ten thousands digit of 81246?
8
What is the tens digit of 401?
0
What is the tens digit of 1527?
2
What is the hundred thousands digit of 195089?
1
What is the units digit of 1185?
5
What is the tens digit of 18477?
7
What is the hundreds digit of 3177?
1
What is the tens digit of 2732?
3
What is the units digit of 312?
2
What is the ten thousands digit of 89597?
8
What is the hundreds digit of 8291?
2
What is the units digit of 1965?
5
What is the hundreds digit of 1920?
9
What is the thousands digit of 1421?
1
What is the tens digit of 1051?
5
What is the tens digit of 83001?
0
What is the hundreds digit of 222?
2
What is the thousands digit of 25340?
5
What is the units digit of 1358?
8
What is the hundreds digit of 372?
3
What is the hundreds digit of 1015?
0
What is the hundreds digit of 41710?
7
What is the hundreds digit of 5633?
6
What is the units digit of 362?
2
What is the units digit of 4142?
2
What is the units digit of 2415?
5
What is the units digit of 44220?
0
What is the units digit of 430?
0
What is the thousands digit of 1924?
1
What is the hundreds digit of 580?
5
What is the units digit of 1725?
5
What is the units digit of 5186?
6
What is the hundreds digit of 1003?
0
What is the hundreds digit of 1040?
0
What is the hundreds digit of 1127?
1
What is the thousands digit of 7275?
7
What is the units digit of 39475?
5
What is the units digit of 16797?
7
What is the tens digit of 54770?
7
What is the tens digit of 2744?
4
What is the units digit of 936?
6
What is the units digit of 1299?
9
What is the tens digit of 1572?
7
What is the thousands digit of 27202?
7
What is the units digit of 894?
4
What is the hundreds digit of 381?
3
What is the units digit of 79?
9
What is the thousands digit of 3206?
3
What is the ten thousands digit of 15585?
1
What is the hundreds digit of 217?
2
What is the hundreds digit of 181634?
6
What is the thousands digit of 28995?
8
What is the tens digit of 19832?
3
What is the ten thousands digit of 36805?
3
What is the thousands digit of 4066?
4
What is the hundreds digit of 396?
3
What is the tens digit of 5721?
2
What is the thousands digit of 20085?
0
What is the hundreds digit of 2477?
4
What is the units digit of 25430?
0
What is the tens digit of 210?
1
What is the hundreds digit of 2211?
2
What is the tens digit of 7132?
3
What is the units digit of 551?
1
What is the tens digit of 18649?
4
What is the hundreds digit of 4186?
1
What is the thousands digit of 3091?
3
What is the hundreds digit of 785?
7
What is the hundreds digit of 12557?
5
What is the thousands digit of 27367?
7
What is the hundreds digit of 3533?
5
What is the ten thousands digit of 17688?
1
What is the ten thousands digit of 82309?
8
What is the ten thousands digit of 23083?
2
What is the hundreds digit of 585?
5
What is the thousands digit of 6472?
6
What is the hundreds digit of 803?
8
What is the thousands digit of 7104?
7
What is the units digit of 65013?
3
What is the tens digit of 1532?
3
What is the thousands digit of 1852?
1
What is the tens digit of 3295?
9
What is the thousands digit of 6471?
6
What is the tens digit of 5306?
0
What is the units digit of 13855?
5
What is the ten thousands digit of 20048?
2
What is the hundreds digit of 32292?
2
What is the tens digit of 9739?
3
What is the hundred thousands digit of 125489?
1
What is the tens digit of 13523?
2
What is the units digit of 16624?
4
What is the ten thousands digit of 25364?
2
What is the units digit of 4434?
4
What is the units digit of 1100?
0
What is the ten thousands digit of 15223?
1
What is the thousands digit of 4035?
4
What is the tens digit of 934?
3
What is the tens digit of 2985?
8
What is the units digit of 127649?
9
What is the tens digit of 2220?
2
What is the units digit of 60474?
4
What is the tens digit of 6426?
2
What is the hundreds digit of 10074?
0
What is the hundreds digit of 117367?
3
What is the hundreds digit of 6766?
7
What is the tens digit of 1374?
7
What is the tens digit of 8316?
1
What is the units digit of 389?
9
What is the units digit of 3630?
0
What is the ten thousands digit of 13858?
1
What is the units digit of 30268?
8
What is the thousands digit o